(-45)/(-4) - (-6)/(-24)?
9
Let d = 8 + 7. Suppose 2*a + a - 231 = -5*y, 279 = 4*a - 3*y. What is the remainder when a is divided by d?
12
Let y(q) = q**2 + 7*q - 11. What is the remainder when y(-11) is divided by 9?
6
Suppose 17 = a - 2*u, 3*a = -2*u + 3 + 8. What is the remainder when a is divided by 4?
3
Let j(p) = -p**3 - 9*p**2 + 13*p + 4. Let h be j(-10). Let t = h + 37. What is the remainder when 30 is divided by t?
8
What is the remainder when 4 + 408/4 + 1 is divided by 54?
53
Suppose 2*n - v = 87, 5*n - 97 - 88 = -4*v. Let r(m) = -m**3 - 10*m**2 - 6. Let u be r(-10). Calculate the remainder when n is divided by (-4)/u*66/4.
8
Suppose -3*x = -0*x + 4*h - 27, -2*h = -6. Suppose x*r = -p + 88, 129 - 33 = 5*r - 3*p. Calculate the remainder when r is divided by 20/(2/(-2)*-2).
8
Suppose 3*j - 10 = 107. What is the remainder when j is divided by 21?
18
Suppose 9 - 49 = k. What is the remainder when (-2 - -1)*-2 - -2 is divided by k/(-18) - 4/18?
0
Suppose 11*a + 48 = 7*a. Let b = -2 - a. What is the remainder when 29 is divided by b?
9
Let i(s) = -24*s - 11. Calculate the remainder when i(-6) is divided by 27.
25
What is the remainder when (-174)/(-4) - (-1)/(-2) is divided by 15?
13
Let g be (36/(-3))/((-3)/28). Let t = -77 + g. Let n = -24 + t. Calculate the remainder when 32 is divided by n.
10
Let p = 48 - -4. What is the remainder when p is divided by 14?
10
What is the remainder when 12 is divided by ((-3)/(-2)*-1)/(1/(-2))?
0
Let h(m) = -m**2 - 7*m + 4. Let s be h(-7). Suppose 3*y = 11 + s. What is the remainder when 17 is divided by y?
2
Let c(f) = f**2 - 2*f - 13. What is the remainder when 43 is divided by c(6)?
10
Let w = 5 - 2. Suppose 2*z + z = 6. What is the remainder when w is divided by z?
1
Let z(i) = 4*i**2 - 2*i + 6. Calculate the remainder when z(-6) is divided by 33.
30
Suppose 0*u - 12 = -4*u. Let m(k) = k**2 - 2*k**u - 4*k**2 + 0 + 3 + 3*k**3. What is the remainder when 3 is divided by m(3)?
0
Let q be 0 + (87/3 - 1). Let g = -17 + q. What is the remainder when 21 is divided by g?
10
Suppose 4*z = -3 - 1. Let x be z/((-1 - 2)/426). Suppose -5*r = 3*b - 65, 4*b + 40 - x = r. What is the remainder when 49 is divided by b?
24
Let z = 3 + -3. Suppose z = i + i - 6. What is the remainder when 8 is divided by i?
2
Suppose 0 = 2*j - 5*j - 3*s + 30, -2*s + 27 = 3*j. What is the remainder when 48 is divided by j?
6
Let q be (-4)/(-12) + 1/(-3). Suppose q = y + 4, -3*r = -4*r - 3*y - 12. Suppose r = 4*b - 18 - 10. Calculate the remainder when b is divided by 3.
1
Suppose 3*w - 39 = -v, 5*w - 2*v - 65 = 2*v. Calculate the remainder when 35 is divided by w.
9
Suppose 77 = 3*u + 4*p, u + 4*p = 2*p + 29. What is the remainder when 33 is divided by u?
14
What is the remainder when 1*(-9)/3 - -76 is divided by 19?
16
Suppose 5*i - 16 = -1, -i - 5 = -2*h. What is the remainder when 15 is divided by h?
3
Let n = -31 + 131. Let z = n - 55. Calculate the remainder when z is divided by (4/(-5))/(1/(-15)).
9
Suppose -43*d = -47*d + 24. What is the remainder when 59 is divided by d?
5
Let w(q) = -q + 14. Let y be w(11). Let a = 1 + y. What is the remainder when 6 is divided by a?
2
Let t = -69 + 141. Calculate the remainder when t is divided by 15.
12
Suppose 0 = 2*z - 5*z + 21. Let h = 7 + z. Suppose 0 = v - h. What is the remainder when 41 is divided by v?
13
Let i(n) = -3*n. Let m = -1 + -3. Calculate the remainder when 22 is divided by i(m).
10
Suppose -9 = 3*k - 0*k + 5*g, 4*g + 22 = 5*k. Calculate the remainder when (532/42)/(k/6) is divided by 20.
18
Let d = -37 + 50. What is the remainder when 23 is divided by d?
10
Let a(o) = 2*o**3 - o**2 + o. Let d be a(1). Let s = d - -1. What is the remainder when -4*(s - 1)/(-4) is divided by 1?
0
Suppose 4*f - 15 = w + 42, -2*f = 2*w - 36. Calculate the remainder when 26 is divided by f.
11
Let k(l) = 59*l + 1. Suppose 2*a - 6*a = -4. Calculate the remainder when k(a) is divided by 16.
12
Let t(s) = s**3 + 4*s**2 - 14*s - 6. What is the remainder when 18 is divided by t(-6)?
0
Suppose 0 = -5*k - w + 23, -5*k = w + 3*w - 17. Let l be (-1 + 0)/(8/8). Let y = 13 - l. What is the remainder when y is divided by k?
4
Let q(h) = h**2 - 4. Suppose -5*x + 6*x - 3 = 0. Calculate the remainder when 13 is divided by q(x).
3
Let u(a) = a + 14. What is the remainder when 12 is divided by u(-11)?
0
Let f(k) = 5*k - 4. Let y(t) = 3*t**2 + t. Let d be y(-1). What is the remainder when (-6)/(-1)*7/d is divided by f(3)?
10
Suppose -5*t - r = -6, 3*t - 4 = -r - 2. Calculate the remainder when 3 is divided by t.
1
Let c = -11 - -20. Let s = c + -4. Calculate the remainder when 12 is divided by s.
2
Suppose i + 78 = 2*s, 0 = 2*s + 3*i - 32 - 38. Calculate the remainder when s is divided by 20.
18
Suppose -14 = -2*j + 3*d, d = -5*j - 3*d + 58. Suppose -4*x = -2*x - j. Let q = 3 + 9. Calculate the remainder when q is divided by x.
2
Suppose 5*v - 4*u + 2*u = 12, -4*u + 2 = 3*v. Calculate the remainder when 35 is divided by v*(0/3 + 6).
11
Suppose 4*u - 44 = -0. Suppose 0 = -v + 12 + 8. Calculate the remainder when v is divided by u.
9
Suppose u - 5*u + 64 = 4*r, -3*u = 5*r - 86. What is the remainder when r is divided by ((-4)/3)/((-8)/60)?
9
Let q = 6 - 6. What is the remainder when 13 is divided by 2 + -1 + 3 + q?
1
Let m = -12 - -37. Suppose 0 = -0*z + 5*z - m. Suppose 0 = -5*d - 0*d + 85. What is the remainder when d is divided by z?
2
What is the remainder when (3 - (-1 + -38)) + 2/(-2) is divided by 19?
3
Let q(z) = -54*z**2 - 6*z + 14. Let j(f) = -18*f**2 - 2*f + 5. Let k(y) = 8*j(y) - 3*q(y). Calculate the remainder when k(1) is divided by 10.
8
Let o = -10 - -23. Let q = 2 - 6. Let b(m) = -6*m. Calculate the remainder when b(q) is divided by o.
11
Suppose -22 = 5*i + 18. Let q = i - -11. Calculate the remainder when q is divided by 2.
1
Suppose -20 = 5*k, -5*k = -p - 10*k + 38. Calculate the remainder when p is divided by 15.
13
Let c = 110 + -101. Let l = 29 - -6. What is the remainder when l is divided by c?
8
Suppose 2*j = 2, -j + 6 + 10 = 3*n. Suppose -41 = -n*o + 64. Calculate the remainder when o is divided by 11.
10
Let r = -66 - -81. What is the remainder when 74 is divided by r?
14
Let x be (-2)/2 - 0 - -1. Suppose -5*g + x*g - 20 = 0. Calculate the remainder when ((-30)/(-8))/(g/(-48)) is divided by 23.
22
Let f = 15 - 5. Let r(n) = -17*n**3 + 2*n**2 + 1. Let b be r(-2). Suppose -3*k - 2*k + b = 0. Calculate the remainder when k is divided by f.
9
Let f be (3 - 0)*8/(-6). Let w(u) = -5*u**3 - 2*u**2 + 7*u + 6. Let z(l) = -l**3. Let i(h) = w(h) - 4*z(h). What is the remainder when i(f) is divided by 6?
4
Let c be 2/3*(5 + -2). Suppose 4 = p - 2*l - l, -2*l + 24 = c*p. Calculate the remainder when 28 is divided by p.
8
Let w(q) = 2*q - 6. Let y be w(5). Suppose -b = -2*f + 21, -4*f + 3*b = y*b - 45. Calculate the remainder when 41 is divided by f.
8
Let z be ((-20)/(-15))/((-2)/(-3)). Suppose z*g + 5*d = -0*g - 7, 3*g = 3*d + 42. What is the remainder when 17 is divided by g?
8
Suppose 8*n = 9*n - 6. Calculate the remainder when 41 is divided by n.
5
Let n(h) = -3*h - 5. Let a be n(6). Let y = 36 + a. Calculate the remainder when 36 is divided by y.
10
Suppose 0 = -20*h + 538 - 18. Calculate the remainder when 77 is divided by h.
25
Let v(n) = -n + 1. Let o be v(-5). Let a = o - -3. What is the remainder when 25 is divided by a?
7
Suppose 2*p = 5*p - 2*y - 752, -p + 253 = -3*y. Suppose 0 = -4*h + 6*h - 22. What is the remainder when p/8 - 1/4 is divided by h?
9
Let l = 45 + -29. Suppose -4*g + 16 = 5*c, 3*c - l = -4*g - 0. Calculate the remainder when g is divided by (6/4)/((-3)/(-2) - 1).
1
Suppose -43 = -2*a - u, u - 4*u - 63 = -2*a. Suppose 3*s - 211 = i, -4*s - 3*i = -30 - 247. What is the remainder when s is divided by a?
22
Let c be 2/(-3 - 13/(-5)). Let i = c - -26. Calculate the remainder when i is divided by 11.
10
Let k(r) = -r + 51. Calculate the remainder when k(-12) is divided by 16.
15
Suppose -3*y = 0, -44 = -4*p + y + 3*y. What is the remainder when p is divided by (-6)/(-24) + 11/4?
2
What is the remainder when 67 is divided by 83/5 + (-4)/(-10)?
16
Suppose -335 = -6*z - 53. Let q(w) = w**3 - 7*w**2 - 4*w - 7. What is the remainder when z is divided by q(8)?
22
Let d = 25 + 64